4c
In base 13, what is 5213a + 2?
5213c
In base 11, what is 8203 - -7?
820a
In base 6, what is -1 - 1441201?
-1441202
In base 4, what is -3 + -303332333?
-303333002
In base 12, what is -5 - -18bb0?
18ba7
In base 10, what is 0 - -69532?
69532
In base 6, what is 0 + -4140313?
-4140313
In base 10, what is -6431 + -271?
-6702
In base 7, what is 203432 + -4?
203425
In base 5, what is 201 - 10043210?
-10043004
In base 16, what is 12b20 - 1a?
12b06
In base 8, what is 57 + -45312?
-45233
In base 9, what is 5 - 26776?
-26771
In base 10, what is -88 - 1274?
-1362
In base 2, what is 1010 + 111010101000?
111010110010
In base 6, what is -13311 + 105?
-13202
In base 6, what is -15 + -115035?
-115054
In base 14, what is 9 + -b543?
-b538
In base 15, what is 66c3 + 0?
66c3
In base 6, what is 11010310 - 3?
11010303
In base 8, what is -751 - 22?
-773
In base 16, what is -bc88 - 0?
-bc88
In base 3, what is 12 + 110201022?
110201111
In base 2, what is -1001 + 1010010011110000?
1010010011100111
In base 4, what is -1 + -3002?
-3003
In base 6, what is 1402 - 21033?
-15231
In base 2, what is -100001000111101101100 - 11?
-100001000111101101111
In base 5, what is -1444 + 21?
-1423
In base 4, what is -2303 - 212203?
-221112
In base 4, what is -22122 + 132211?
110023
In base 12, what is b - 1271a?
-1270b
In base 15, what is 1d113 - e?
1d104
In base 3, what is 10 + 2101221010122?
2101221010202
In base 4, what is 100 + -120131131?
-120131031
In base 12, what is 5351 + 6?
5357
In base 3, what is 110220 + -10201?
100012
In base 14, what is -ab530 + 0?
-ab530
In base 16, what is -2 + -3a21?
-3a23
In base 11, what is 24299 - 17?
24282
In base 14, what is -2 - -b097?
b095
In base 15, what is -9b - -d7?
3b
In base 7, what is 2304465 + 2?
2304500
In base 11, what is -1 + 6a363?
6a362
In base 11, what is 7 - -55a7?
5603
In base 7, what is 32501 - -11?
32512
In base 8, what is 4137 + -267?
3650
In base 8, what is -1074356 - 5?
-1074363
In base 4, what is 0 + 322111132?
322111132
In base 2, what is 111 - 10000101100110111011?
-10000101100110110100
In base 13, what is 4c - 1a7?
-158
In base 14, what is 19c0 + -29?
1995
In base 4, what is -1 + 2120013?
2120012
In base 10, what is 543133 - -4?
543137
In base 3, what is 12 + 202010101?
202010120
In base 5, what is -310 - -1222300?
1221440
In base 6, what is 505314 - 42?
505232
In base 2, what is -110 + -101010100010?
-101010101000
In base 13, what is 152695 - -5?
15269a
In base 15, what is 21 + 1316?
1337
In base 6, what is 25314335 - 3?
25314332
In base 5, what is 0 + -10302204?
-10302204
In base 12, what is -4b13 - -10?
-4b03
In base 15, what is 120 - -c55?
d75
In base 2, what is -1001101101010 - 11111011?
-1010001100101
In base 2, what is -10 - -1011110001110111?
1011110001110101
In base 6, what is -5 + 40345223?
40345214
In base 6, what is 11 + -145532?
-145521
In base 4, what is 32211131 - -3?
32211200
In base 9, what is -2 + 35176?
35174
In base 13, what is -998 + -8?
-9a3
In base 4, what is -33022 + -1?
-33023
In base 15, what is -17 - 23d?
-255
In base 6, what is -141523 - 20?
-141543
In base 6, what is 42 - 4333242?
-4333200
In base 3, what is 10 + -222220121012?
-222220121002
In base 5, what is -402314 - -2?
-402312
In base 8, what is -516 + 76?
-420
In base 7, what is -2 - 2454005?
-2454010
In base 9, what is -75644 + -15?
-75660
In base 14, what is 11 - 26389?
-26378
In base 10, what is -230 + -5108?
-5338
In base 11, what is 60881 + 0?
60881
In base 15, what is -9e - 4bd?
-56c
In base 14, what is 177 + dc?
275
In base 7, what is 6005565 + -2?
6005563
In base 5, what is -41044041 + 30?
-41044011
In base 4, what is -12332 + -121103?
-200101
In base 15, what is -b21ad2 - -2?
-b21ad0
In base 8, what is 12 - 10540?
-10526
In base 6, what is -1031 - 12354?
-13425
In base 11, what is 1 - -1967a?
19680
In base 13, what is -bbb6 - -11?
-bba5
In base 9, what is 6888 + 147?
7146
In base 14, what is -24 + -1081?
-10a5
In base 6, what is 134 + -222?
-44
In base 10, what is -1546 - 117?
-1663
In base 9, what is -4527 - 37?
-4565
In base 14, what is -1088c - -3?
-10889
In base 4, what is 12331 + 131?
13122
In base 14, what is -2 + -8b40?
-8b42
In base 9, what is -1623 + 75?
-1537
In base 6, what is -1003113 + -22?
-1003135
In base 3, what is 10011012110 + -12?
10011012021
In base 13, what is -192 - -17?
-178
In base 2, what is -10111011011 + 1110100111?
-1000110100
In base 13, what is -27561 - -3?
-2755b
In base 2, what is -10 - 110000?
-110010
In base 6, what is -24 - 55433?
-55501
In base 8, what is 0 - -435055?
435055
In base 12, what is -129a - -1?
-1299
In base 10, what is 1 + 727485?
727486
In base 3, what is 110021001000 + -10?
110021000220
In base 13, what is -1b - 2ac6?
-2b14
In base 12, what is 3 + -58195?
-58192
In base 9, what is 527 - -243?
771
In base 13, what is c - 118c7?
-118b8
In base 4, what is 132303132 - 1?
132303131
In base 12, what is 1 + 28342?
28343
In base 14, what is a + 30c5?
30d1
In base 13, what is -2652 - -48?
-2607
In base 12, what is 7a - 1b6?
-138
In base 3, what is 12022021 - -2012?
12101110
In base 7, what is 24462 + 1?
24463
In base 14, what is -40 + -a43?
-a83
In base 8, what is 166 - 143?
23
In base 15, what is -bd5 - 117?
-cec
In base 13, what is -63 - -c81?
c1b
In base 14, what is 15c38 + -3?
15c35
In base 3, what is 212 + 1011122?
1012111
In base 2, what is -100010 - 1101101110001?
-1101110010011
In base 5, what is 2304 + 203014?
210323
In base 2, what is 11111110100110 - 100000111?
11111010011111
In base 15, what is 2c29 + -27?
2c02
In base 12, what is -5 - 104674?
-104679
In base 6, what is 23313522 - -4?
23313530
In base 9, what is 4 + 4121?
4125
In base 2, what is -101 + -10011000101?
-10011001010
In base 11, what is 70 + -193?
-123
In base 11, what is -1a3 + 56?
-148
In base 6, what is -5125544 - 2?
-5125550
In base 2, what is 11010010100001101010 - 100?
11010010100001100110
In base 7, what is -230 - -4351?
4121
In base 7, what is -41242 - -30?
-41212
In base 6, what is -2 + 552131?
552125
In base 11, what is -89 + 296?
208
In base 2, what is -101011101 + 1011?
-101010010
In base 3, what is -120102222 + -12010?
-120122002
In base 15, what is -3c - -6740?
6703
In base 16, what is -1a5d - -1?
-1a5c
In base 11, what is 7a - 423?
-354
In base 3, what is -2012 - -11122101?
11120012
In base 6, what is -3 + 11420300?
11420253
In base 14, what is -1896 + 17?
-187d
In base 9, what is -5 - 40653?
-40658
In base 10, what is -1008 - 576?
-1584
In base 4, what is -21312 + 222?
-21030
In base 9, what is -5 - -1471?
1465
In base 10, what is -46 - 515?
-561
In base 2, what is -100 + -11010010000000?
-11010010000100
In base 12, what is -161 - 756?
-8b7
In base 9, what is -10374730 + -1?
-10374731
In base 2, what is -10011111 - 1100110000?
-1111001111
In base 3, what is 11022 + 2202201?
2221000
In base 3, what is 2 - -202210120022?
202210120101
In base 11, what is 94 - 10840?
-10757
In base 5, what is 3244334 - 0?
3244334
In base 2, what is -10111100 - 100011001?
-111010101
In base 13, what is 1 - 1c2b3?
-1c2b2
In base 16, what is -430b + -7?
-4312
In base 13, what is 5 + -9861?
-9859
In base 10, what is -184464 - 0?
-184464
In base 11, what is 5 + 133221?
133226
In base 15, what is -17b2 - 3?
-17b5
In base 6, what is -10343021 - -5?
-10343012
In base 7, what is 10221 - 3444?
3444
In base 2, what is -100101010010000 + -1011111?
-100101011101111
In base 15, what is 2a4 + 49?
2ed
In base 13, what is -9 + 117a?
1171
In base 12, what is 284b5 - 2?
284b3
In base 6, what is -103353010 + 2?
-103353004
In base 5, what is -1042 - 13311?
-14403
In base 4, what is -303330 + 1011?
-302313
In base 2, what is -1011101110001101110000 + 1?
-1011101110001101101111
In base 16, what is 7825f + -2?
7825d
In base 5, what is -241 - 112333?
-113124
In base 6, what is 2 - -111431?
111433
In base 2, what is 1010 + -11000010011?
-11000001001
In base 4, what is 1 - 332222?
-332221
In base 5, what is 4101101 - -10?
4101111
In base 8, what is -353044 - -3?
-353041
In base 10, what is -125325 + 11?
-125314
In base 2, what is 101000011010 + -111010?
100111100000
In base 7, what is -1045310 - -20?
-1045260
In base 9, what is -3 + 23483?
23480
In base 12, what is 4 + 242b?
2433
In base 16, what is 2b7 - -89?
340
In base 2, what is -1100 +